{"id":79,"date":"2024-01-24T16:19:43","date_gmt":"2024-01-24T16:19:43","guid":{"rendered":"https:\/\/3ci-pcs.ubi.pt\/?page_id=79"},"modified":"2024-05-03T09:00:50","modified_gmt":"2024-05-03T09:00:50","slug":"inscricao-registo","status":"publish","type":"page","link":"https:\/\/3ci-pcs.ubi.pt\/?page_id=79","title":{"rendered":"INSCRI\u00c7\u00c3O\/REGISTO"},"content":{"rendered":"\t\t<div data-elementor-type=\"wp-page\" data-elementor-id=\"79\" class=\"elementor elementor-79\">\n\t\t\t\t<div class=\"elementor-element elementor-element-a813d9a e-flex e-con-boxed e-con e-parent\" data-id=\"a813d9a\" data-element_type=\"container\">\n\t\t\t\t\t<div class=\"e-con-inner\">\n\t\t\t\t<div class=\"elementor-element elementor-element-0f4f0eb elementor-widget elementor-widget-image\" data-id=\"0f4f0eb\" data-element_type=\"widget\" data-widget_type=\"image.default\">\n\t\t\t\t<div class=\"elementor-widget-container\">\n\t\t\t<style>\/*! elementor - v3.21.0 - 18-04-2024 *\/\n.elementor-widget-image{text-align:center}.elementor-widget-image a{display:inline-block}.elementor-widget-image a img[src$=\".svg\"]{width:48px}.elementor-widget-image img{vertical-align:middle;display:inline-block}<\/style>\t\t\t\t\t\t\t\t\t\t\t<a href=\"https:\/\/3ci-pcs.ubi.pt\/?page_id=351\">\n\t\t\t\t\t\t\t<img decoding=\"async\" src=\"https:\/\/3ci-pcs.ubi.pt\/wp-content\/uploads\/elementor\/thumbs\/png-transparent-flag-of-england-flag-of-the-united-kingdom-english-flag-of-great-britain-england-english-flag-world-thumbnail-qnkkrkzl0llj69hiz3u9kj1er69634t6li5nf2n0xg.png\" title=\"png-transparent-flag-of-england-flag-of-the-united-kingdom-english-flag-of-great-britain-england-english-flag-world-thumbnail\" alt=\"png-transparent-flag-of-england-flag-of-the-united-kingdom-english-flag-of-great-britain-england-english-flag-world-thumbnail\" loading=\"lazy\" \/>\t\t\t\t\t\t\t\t<\/a>\n\t\t\t\t\t\t\t\t\t\t\t\t\t<\/div>\n\t\t\t\t<\/div>\n\t\t\t\t\t<\/div>\n\t\t\t\t<\/div>\n\t\t<div class=\"elementor-element elementor-element-95ddf9d e-flex e-con-boxed e-con e-parent\" data-id=\"95ddf9d\" data-element_type=\"container\">\n\t\t\t\t\t<div class=\"e-con-inner\">\n\t\t\t\t<div class=\"elementor-element elementor-element-7ee9a69 elementor-widget elementor-widget-heading\" data-id=\"7ee9a69\" data-element_type=\"widget\" data-widget_type=\"heading.default\">\n\t\t\t\t<div class=\"elementor-widget-container\">\n\t\t\t<style>\/*! elementor - v3.21.0 - 18-04-2024 *\/\n.elementor-heading-title{padding:0;margin:0;line-height:1}.elementor-widget-heading .elementor-heading-title[class*=elementor-size-]>a{color:inherit;font-size:inherit;line-height:inherit}.elementor-widget-heading .elementor-heading-title.elementor-size-small{font-size:15px}.elementor-widget-heading .elementor-heading-title.elementor-size-medium{font-size:19px}.elementor-widget-heading .elementor-heading-title.elementor-size-large{font-size:29px}.elementor-widget-heading .elementor-heading-title.elementor-size-xl{font-size:39px}.elementor-widget-heading .elementor-heading-title.elementor-size-xxl{font-size:59px}<\/style><h2 class=\"elementor-heading-title elementor-size-default\">INSCRI\u00c7\u00c3O \/ REGISTO<\/h2>\t\t<\/div>\n\t\t\t\t<\/div>\n\t\t\t\t\t<\/div>\n\t\t\t\t<\/div>\n\t\t<div class=\"elementor-element elementor-element-fc19544 e-flex e-con-boxed e-con e-parent\" data-id=\"fc19544\" data-element_type=\"container\">\n\t\t\t\t\t<div class=\"e-con-inner\">\n\t\t\t\t<div class=\"elementor-element elementor-element-ea851d3 elementor-widget elementor-widget-text-editor\" data-id=\"ea851d3\" data-element_type=\"widget\" data-widget_type=\"text-editor.default\">\n\t\t\t\t<div class=\"elementor-widget-container\">\n\t\t\t<style>\/*! elementor - v3.21.0 - 18-04-2024 *\/\n.elementor-widget-text-editor.elementor-drop-cap-view-stacked .elementor-drop-cap{background-color:#69727d;color:#fff}.elementor-widget-text-editor.elementor-drop-cap-view-framed .elementor-drop-cap{color:#69727d;border:3px solid;background-color:transparent}.elementor-widget-text-editor:not(.elementor-drop-cap-view-default) .elementor-drop-cap{margin-top:8px}.elementor-widget-text-editor:not(.elementor-drop-cap-view-default) .elementor-drop-cap-letter{width:1em;height:1em}.elementor-widget-text-editor .elementor-drop-cap{float:left;text-align:center;line-height:1;font-size:50px}.elementor-widget-text-editor .elementor-drop-cap-letter{display:inline-block}<\/style>\t\t\t\t<h4><strong>A inscri\u00e7\u00e3o inclui<\/strong><\/h4><h4>&#8211; Pasta com programa e livro de resumos<\/h4><h4>&#8211; Admiss\u00e3o \u00e0s sess\u00f5es das confer\u00eancias e coffee-breaks<\/h4>\t\t\t\t\t\t<\/div>\n\t\t\t\t<\/div>\n\t\t\t\t\t<\/div>\n\t\t\t\t<\/div>\n\t\t<div class=\"elementor-element elementor-element-5791b28 e-flex e-con-boxed e-con e-parent\" data-id=\"5791b28\" data-element_type=\"container\">\n\t\t\t\t\t<div class=\"e-con-inner\">\n\t\t\t\t<div class=\"elementor-element elementor-element-dcf2052 elementor-widget elementor-widget-text-editor\" data-id=\"dcf2052\" data-element_type=\"widget\" data-widget_type=\"text-editor.default\">\n\t\t\t\t<div class=\"elementor-widget-container\">\n\t\t\t\t\t\t\t<h4><strong>Pre\u00e7os de inscri\u00e7\u00e3o:<\/strong><\/h4>\t\t\t\t\t\t<\/div>\n\t\t\t\t<\/div>\n\t\t\t\t\t<\/div>\n\t\t\t\t<\/div>\n\t\t<div class=\"elementor-element elementor-element-85c64cd e-flex e-con-boxed e-con e-parent\" data-id=\"85c64cd\" data-element_type=\"container\">\n\t\t\t\t\t<div class=\"e-con-inner\">\n\t\t\t\t<div class=\"elementor-element elementor-element-c418e7d elementor-widget elementor-widget-text-editor\" data-id=\"c418e7d\" data-element_type=\"widget\" data-widget_type=\"text-editor.default\">\n\t\t\t\t<div class=\"elementor-widget-container\">\n\t\t\t\t\t\t\t<h4>\u00a0<\/h4><table style=\"height: 594px;\" width=\"529\"><tbody><tr><td width=\"204\">\u00a0<\/td><td colspan=\"2\" width=\"183\"><h4><strong>Presencial<\/strong><\/h4><\/td><td colspan=\"2\" width=\"183\"><h4><strong>Online<\/strong><\/h4><\/td><\/tr><tr><td width=\"204\">\u00a0<\/td><td width=\"92\"><h4>At\u00e9 1 de maio<\/h4><\/td><td width=\"92\"><h4>\u00a02 de maio at\u00e9 16 de maio<\/h4><\/td><td width=\"92\"><h4>At\u00e9 1 de maio<\/h4><\/td><td width=\"92\"><h4>\u00a02 de maio at\u00e9 16 de maio<\/h4><\/td><\/tr><tr><td width=\"204\"><h4>Estudantes da UBI<\/h4><\/td><td width=\"92\"><h4>0\u20ac<\/h4><\/td><td width=\"92\"><h4>10\u20ac<\/h4><\/td><td width=\"92\"><h4>10\u20ac<\/h4><\/td><td width=\"92\"><h4>20\u20ac<\/h4><\/td><\/tr><tr><td width=\"204\"><h4>Estudantes de Portugal, Uni\u00e3o Europeia e Psic\u00f3logos J\u00fanior<\/h4><\/td><td width=\"92\"><h4>20\u20ac<\/h4><\/td><td width=\"92\"><h4>30\u20ac<\/h4><\/td><td width=\"92\"><h4>15\u20ac<\/h4><\/td><td width=\"92\"><h4>25\u20ac<\/h4><\/td><\/tr><tr><td width=\"204\"><h4>Estudantes dos PALOP e do Brasil<\/h4><\/td><td width=\"92\"><h4>20\u20ac<\/h4><\/td><td width=\"92\"><h4>30\u20ac<\/h4><\/td><td width=\"92\"><h4>15\u20ac<\/h4><\/td><td width=\"92\"><h4>25\u20ac<\/h4><\/td><\/tr><tr><td width=\"204\"><h4>Profissionais de Portugal e da Uni\u00e3o Europeia<\/h4><\/td><td width=\"92\"><h4>30\u20ac<\/h4><\/td><td width=\"92\"><h4>40\u20ac<\/h4><\/td><td width=\"92\"><h4>25\u20ac<\/h4><\/td><td width=\"92\"><h4>35\u20ac<\/h4><\/td><\/tr><tr><td width=\"204\"><h4>Profissionais dos PALOP e do Brasil<\/h4><\/td><td width=\"92\"><h4>30\u20ac<\/h4><\/td><td width=\"92\"><h4>40\u20ac<\/h4><\/td><td width=\"92\"><h4>25\u20ac<\/h4><\/td><td width=\"92\"><h4>35\u20ac<\/h4><\/td><\/tr><\/tbody><\/table>\t\t\t\t\t\t<\/div>\n\t\t\t\t<\/div>\n\t\t\t\t\t<\/div>\n\t\t\t\t<\/div>\n\t\t<div class=\"elementor-element elementor-element-7d26abd e-flex e-con-boxed e-con e-parent\" data-id=\"7d26abd\" data-element_type=\"container\">\n\t\t\t\t\t<div class=\"e-con-inner\">\n\t\t\t\t<div class=\"elementor-element elementor-element-0c959aa elementor-widget elementor-widget-text-editor\" data-id=\"0c959aa\" data-element_type=\"widget\" data-widget_type=\"text-editor.default\">\n\t\t\t\t<div class=\"elementor-widget-container\">\n\t\t\t\t\t\t\t<ul><li><h4>Todos os\/as participantes com submiss\u00e3o aprovada dever\u00e3o ter a inscri\u00e7\u00e3o e pagamento efetuados at\u00e9 <strong>16 de maio de 2024;<\/strong><\/h4><\/li><li><h4>A plataforma de inscri\u00e7\u00e3o emite, ap\u00f3s o pagamento do respetivo valor, a fatura com os dados inseridos pelo\/a participante. Verifique atentamente os seus dados, em especial o NIF a constar. N\u00e3o ser\u00e3o emitidas novas faturas devido ao preenchimento incorreto dos dados;<\/h4><\/li><li><h4>Em caso de n\u00e3o participa\u00e7\u00e3o nas Confer\u00eancias, o valor da inscri\u00e7\u00e3o n\u00e3o ser\u00e1 devolvido;<\/h4><\/li><li><h4>N\u00e3o \u00e9 poss\u00edvel a altera\u00e7\u00e3o de inscri\u00e7\u00e3o presencial para online e vice-versa.<\/h4><\/li><\/ul>\t\t\t\t\t\t<\/div>\n\t\t\t\t<\/div>\n\t\t\t\t\t<\/div>\n\t\t\t\t<\/div>\n\t\t<div class=\"elementor-element elementor-element-7d106ca e-flex e-con-boxed e-con e-parent\" data-id=\"7d106ca\" data-element_type=\"container\">\n\t\t\t\t\t<div class=\"e-con-inner\">\n\t\t\t\t<div class=\"elementor-element elementor-element-c2bd040 elementor-widget elementor-widget-button\" data-id=\"c2bd040\" data-element_type=\"widget\" data-widget_type=\"button.default\">\n\t\t\t\t<div class=\"elementor-widget-container\">\n\t\t\t\t\t<div class=\"elementor-button-wrapper\">\n\t\t\t<a class=\"elementor-button elementor-button-link elementor-size-sm\" href=\"https:\/\/ubi.up.events\/activities\/view\/III-Conferencias-Internacionais-em-Psicologia-Clinica-e-da-Saude\" target=\"_blank\">\n\t\t\t\t\t\t<span class=\"elementor-button-content-wrapper\">\n\t\t\t\t\t\t\t\t\t<span class=\"elementor-button-text\">Inscri\u00e7\u00e3o<\/span>\n\t\t\t\t\t<\/span>\n\t\t\t\t\t<\/a>\n\t\t<\/div>\n\t\t\t\t<\/div>\n\t\t\t\t<\/div>\n\t\t\t\t\t<\/div>\n\t\t\t\t<\/div>\n\t\t\t\t<\/div>\n\t\t","protected":false},"excerpt":{"rendered":"<p>INSCRI\u00c7\u00c3O \/ REGISTO A inscri\u00e7\u00e3o inclui &#8211; Pasta com programa e livro de resumos &#8211; Admiss\u00e3o \u00e0s sess\u00f5es das confer\u00eancias e coffee-breaks Pre\u00e7os de inscri\u00e7\u00e3o: \u00a0 \u00a0 Presencial Online \u00a0 At\u00e9 1 de maio \u00a02 de maio at\u00e9 16 de maio At\u00e9 1 de maio \u00a02 de maio at\u00e9 16 de maio Estudantes da UBI&#8230;<\/p>\n<p class=\"more-link\"><a href=\"https:\/\/3ci-pcs.ubi.pt\/?page_id=79\"><span>Read More<\/span><i>&#43;<\/i><\/a><\/p>\n","protected":false},"author":1,"featured_media":0,"parent":0,"menu_order":0,"comment_status":"closed","ping_status":"closed","template":"","meta":{"footnotes":""},"class_list":["post-79","page","type-page","status-publish","hentry"],"_links":{"self":[{"href":"https:\/\/3ci-pcs.ubi.pt\/index.php?rest_route=\/wp\/v2\/pages\/79","targetHints":{"allow":["GET"]}}],"collection":[{"href":"https:\/\/3ci-pcs.ubi.pt\/index.php?rest_route=\/wp\/v2\/pages"}],"about":[{"href":"https:\/\/3ci-pcs.ubi.pt\/index.php?rest_route=\/wp\/v2\/types\/page"}],"author":[{"embeddable":true,"href":"https:\/\/3ci-pcs.ubi.pt\/index.php?rest_route=\/wp\/v2\/users\/1"}],"replies":[{"embeddable":true,"href":"https:\/\/3ci-pcs.ubi.pt\/index.php?rest_route=%2Fwp%2Fv2%2Fcomments&post=79"}],"version-history":[{"count":31,"href":"https:\/\/3ci-pcs.ubi.pt\/index.php?rest_route=\/wp\/v2\/pages\/79\/revisions"}],"predecessor-version":[{"id":376,"href":"https:\/\/3ci-pcs.ubi.pt\/index.php?rest_route=\/wp\/v2\/pages\/79\/revisions\/376"}],"wp:attachment":[{"href":"https:\/\/3ci-pcs.ubi.pt\/index.php?rest_route=%2Fwp%2Fv2%2Fmedia&parent=79"}],"curies":[{"name":"wp","href":"https:\/\/api.w.org\/{rel}","templated":true}]}}